pose 2*u + 162 = 3*l, 2*l - 65 = 2*u + 41. Is 2066 - (-1)/(8/l) a composite number?
True
Let b(i) = -i. Let j(f) = 26*f**2 - 26*f + 9. Let t(s) = -5*b(s) + j(s). Is t(-8) a composite number?
True
Suppose 5*h = -4*q + 8, 10*h - 2*q + 4 = 5*h. Suppose h = -10*l - 61 - 69. Is (l*(-6 + 4/(-4)))/1 composite?
True
Let c be ((-270)/42 - -5)*7. Is 1*(-51116)/c - (-483)/(-805) a prime number?
False
Suppose 80*x = -73*x + 149*x + 96788. Is x a composite number?
False
Let l(q) = -4*q**2 - 64*q - 37. Let n be l(-15). Suppose 13*o = n*o - 96010. Is o a prime number?
True
Let p be 0/((13 + -12)*2/(-2)). Suppose 6805 = -p*z + z. Is z a prime number?
False
Let k be 1*2/(-1)*-1063. Let h be 176/264 + (-13)/(-3). Suppose h*n = k - 141. Is n a composite number?
False
Is (-7)/(-14) - (-70)/60*15177 a prime number?
True
Suppose 0*f + f - 7742 = -3*w, 4*f - w - 30994 = 0. Let h = -4587 + f. Is h prime?
False
Suppose -8 = -5*y + 2. Let i be (y + -1)/((-3)/(-15)). Suppose -3*j - 4*b + 626 = 57, 2*j + i*b = 377. Is j composite?
False
Let x be 282/9*(-45339)/34. Is 2*(x/(-14) + 6) a composite number?
False
Let l(h) be the first derivative of h**4/4 + 6*h**3 + 7*h**2 - 20*h + 21. Let n be l(-16). Suppose -n = -4*g + 264. Is g a prime number?
False
Suppose 0 = 9*f - 14*f + 125. Suppose f*j + 7*j - 69088 = 0. Is j prime?
False
Let z = -141 + -59. Let l be (3 + (-6)/8)/(4/(-944)). Let c = z - l. Is c composite?
False
Let w = 4102837 - 2370294. Is w composite?
True
Let g be (6 - -9)/((-2)/(-27296)). Suppose 16*x - 13*x - 204750 = -3*w, 3*x - 3*w - g = 0. Is x a composite number?
True
Suppose -59*n = 27*n + 2056484 - 7317018. Is n a composite number?
False
Suppose -2*p = 88 - 92. Suppose q + 0*q = p*i - 2400, 3*i - 3599 = 2*q. Is i composite?
False
Let r(y) = 5*y**3 - 3*y**2 - y + 1. Let c = -58 + 61. Suppose -u + i + 0 = -8, -c*u + 5*i + 28 = 0. Is r(u) prime?
True
Suppose -1421 - 342 = -43*x. Let i = 308 + -16. Let c = i - x. Is c composite?
False
Let d = 182918 - 129919. Is d prime?
True
Suppose 0 = 37*j - 28563 - 21905. Let s = j - -395. Is s a prime number?
True
Suppose -2*o - 5*h + 453310 = -2419649, 4309386 = 3*o - 3*h. Is o composite?
False
Let u be 6811/2 + 3/2. Suppose -8*j + 2505 = -u. Is j prime?
True
Let b = 79598 - 1005. Is b a composite number?
False
Let v(i) = -i**3 - 5*i**2 + 5*i - 5. Let h = 23 + -16. Suppose 72 = -h*u + u. Is v(u) a prime number?
False
Let b = 85190 - 10719. Is b prime?
True
Let l = 114 - 101. Suppose -14 = -l*o + 38. Suppose 3*p - 16737 = -5*w + 2*p, 0 = -o*w + 3*p + 13382. Is w composite?
False
Suppose -54 = k - 58. Suppose -3*v + 15412 = 5*w, 4*w - v + k*v = 12329. Is w a composite number?
False
Let z(x) = 33*x**3 - 16*x**2 + 9*x + 24. Let s be z(11). Suppose 9*g + g = s. Is g a prime number?
True
Suppose -554656 = 443*b - 459*b. Is b prime?
False
Suppose 6 = -0*l - 6*l. Let v(k) = 20*k + 8. Let t be v(l). Is (t/(-8))/((-18)/(-444)) a prime number?
True
Suppose 49*r = -18766644 + 87294339 + 53369752. Is r composite?
True
Suppose -117137 = -7*y + 76711 + 189311. Is y a composite number?
True
Let w(o) = 399*o - 77. Let j be w(28). Let r = j + 36526. Is r a composite number?
True
Let t(x) = -x**3 + 35*x**2 + 8*x - 74. Let i be t(31). Suppose 3*s = 2267 + i. Is s a composite number?
True
Let g(a) = 3. Let v(y) = -239*y**2 - 12*y + 13. Let f(p) = g(p) - v(p). Is f(7) a prime number?
False
Let a(b) = 20*b**3 + 9*b**2 + 36*b - 214. Is a(9) composite?
True
Let w(b) = -28*b**3 - 41*b**2 + 59*b - 17. Is w(-16) prime?
True
Suppose 3*o - 3*r = 420435, 167375 + 112905 = 2*o + 3*r. Is o composite?
False
Let o = -1044484 - -1560221. Is o a prime number?
True
Let y = 4171 + -2953. Let g = 624 + y. Suppose 3*o = 9*o - g. Is o composite?
False
Let p(s) = -998*s + 5. Let c be p(-7). Is c/5 + (-60)/(-75) composite?
False
Suppose 0 = -4*r - 2*j + 14, 0 - 2 = r - 5*j. Let y = r - 10. Is ((-3)/2)/(y - -4)*218 a composite number?
False
Let x(f) = -13*f**2 + 14*f + 565. Let g(y) = 7*y**2 - 7*y - 283. Let d(p) = -5*g(p) - 3*x(p). Is d(21) a prime number?
False
Let n(d) = 26*d + 30. Let a be n(4). Let g(o) = 67 + a*o - 21 - 29. Is g(10) a composite number?
True
Suppose 5*g + 2*r = 3*g - 30, 4*g + 5*r = -65. Is (251/(-2))/(g/20) prime?
True
Let i = -3886 - -7418. Let f = i + 3437. Let b = -3370 + f. Is b a composite number?
True
Let u(q) = -q**2 - 32*q - 81. Let j be u(-27). Let m be 4/(12/88 + 0)*j. Suppose c = s - 4733, s - 3*c - 6317 = -m. Is s prime?
True
Let p(r) = 2*r**2 + 6*r + 5. Let k be p(-3). Suppose -g = 3*x - 3, g + 3*x = 6*g - 15. Suppose 483 = t - 2*j, -g*t + k*j = -442 - 1012. Is t composite?
True
Suppose -6*w + 638859 = -75375. Is w a prime number?
True
Let c(r) = 88*r**2 - 91*r + 3752. Is c(83) a composite number?
False
Let f(p) = p**3 + 40*p**2 - 25*p + 3. Let h = -674 - -653. Is f(h) a prime number?
False
Let m be (-3 + -3)/1 - -2. Let u(o) = 554*o**2 - 8*o - 17. Is u(m) composite?
True
Suppose -4*d + 0*d + 4*o + 3708 = 0, 2795 = 3*d + 4*o. Let y = d - 392. Is y composite?
True
Suppose 714094 = -19*j + 5055765. Is j prime?
True
Suppose 12*s = 140690 + 106186. Is s composite?
True
Let k(j) = 23*j**2 - 5*j + 40. Let h be k(6). Suppose -829*t - 119115 = -h*t. Is t prime?
False
Let p(j) = j**2 - 7*j. Let x be p(7). Let o be (-2685)/(-1 - x) + 12/(-6). Suppose o - 38 = 5*d. Is d composite?
True
Is 1064620*(-33 + 22 - (-225)/20) a prime number?
False
Let f = -8879941 - -12682332. Is f a prime number?
True
Suppose 2 = -11*o - 42. Suppose 5*l = 4*q - 11, -4*l - 4*q - 6 = 10. Is (-1)/(-3) + (3176/l)/o a prime number?
False
Suppose 5*g + 1820 = -5*z, 3*z + 2*g = 5*z + 712. Let y = z + 1553. Is y composite?
False
Let t(p) = 184*p**2 - 7*p - 5. Let s be 24/(-60) + ((-436)/5)/2. Let z = -46 - s. Is t(z) composite?
True
Let u be 4*2 - (10/(-1) - -15). Suppose -4*y - 7*p = -4*p - 25273, u*p - 6316 = -y. Is y a composite number?
True
Let g(n) = -n**2 + 13. Let a be g(4). Let c be a/(-3) - ((0 - 1) + 2). Suppose c = -7*f - 2489 + 7382. Is f a prime number?
False
Suppose 15*a - 2*k - 129982 = 11*a, 2*a - 64996 = 2*k. Is a a prime number?
False
Suppose -3*a - 8296 = 4*p, -3*a - 12736 = -p - 4445. Let n = a + 5883. Is n a composite number?
False
Suppose f + 1266*h - 1269*h = 48922, -2*f + 97858 = -4*h. Is f a prime number?
False
Is (-752)/18612*18/4 - 5075809/(-11) a composite number?
False
Let u = 379 - -1214. Suppose -827 = c - u. Is c a composite number?
True
Let o(p) = -379*p**2 - 7*p - 11. Let y(b) = 379*b**2 + 6*b + 11. Let v(c) = -4*o(c) - 3*y(c). Suppose 30*t + 15677 = 15617. Is v(t) a prime number?
False
Suppose 13*t = 8*t. Suppose t = 16*k - 11*k - 155. Suppose k*u - 24*u - 20993 = 0. Is u a prime number?
True
Suppose 2*a = 3*s + 7, -4*a + 7*s - 9*s = -22. Suppose a*r = -20, 3*r = -z + r + 3959. Is z composite?
False
Suppose -80 = -20*t + 60. Let o(m) be the second derivative of -m**5/20 + 5*m**4/6 - 11*m**3/6 + 7*m**2/2 - 3*m. Is o(t) a prime number?
False
Let z(j) = -19*j - 9. Let h = -11 - 60. Let b = h + 67. Is z(b) prime?
True
Let p(x) = -8604*x**3 - 91*x**2 - 285*x - 3. Is p(-3) a composite number?
True
Suppose 127*h = 19*h - 15*h + 53570313. Is h a prime number?
False
Let r = 4171 - 1641. Is r/12 - 12/(-72) composite?
False
Let t be (-259492)/(-18) + (-145)/45 + 3. Suppose -4*q - t = -5*n + 6593, 2*q + 12605 = 3*n. Is n composite?
False
Suppose 4*g = -q + 18, -q - 10 = -4*g + 2*q. Let u(a) = 116*a**2 - 26*a + 5. Is u(g) a prime number?
False
Is (846/(-27))/((-56)/787164) a composite number?
True
Let c(y) = -3*y**2 + 11*y + 1. Let d be c(5). Let g = 29 + d. Suppose -g*f + 1717 = -393. Is f composite?
False
Let s(o) = -2*o**3 - 3*o**2 - 2*o - 3. Let p be s(-2). Suppose p*w + 6 = 36. Is w/(-3) + (0 - -325) a prime number?
False
Suppose -6*l = -7*l - 4*r + 32, -4*l + 200 = -2*r. Suppose 0 = 49*o - l*o - 3166. Is o a prime number?
False
Suppose 336*k = 343*k - 825041. Is k a prime number?
False
Suppose -110 = v + b, 2*v + b = -4*b - 214. Is (-7)/(v/(-652))*-12 prime?
False
Suppose 155*r - 4480827 - 6545388 = -996320. Is r composite?
False
Suppose 16*n - 19*n - 3*h = -24, 3*h = 3. Is (n + (-5228)/8)*-2*1 a prime number?
False
Let x(w) be the third derivative of -7*w**6/120 - w**5/20 + w**4/8 - 2*w**3/3 + 16*w**2. Let r be x(-3). Suppose 9*c - 10*c 